x**4/2 - x**3/3 + x**2 - 1. Let b be 0*(-2 + (-6)/(-2)). Let k be (-2 - (-1 + 1)) + b. Calculate j(k).
8
Suppose 3 = m - 0*m. Let d(i) = -i + 1 + 9 - m. Let r(a) = -5*a**2 - 369*a + 79. Let x be r(-74). Calculate d(x).
2
Let c be (-64)/10 - (1312/(-80) - -16). Let b(z) = z**3 + 6*z**2 - 4*z + 2. Calculate b(c).
26
Let m be (-338)/(-65) - (-6)/(-30). Let z(v) = v**3 - 7*v**2 + 9*v - 10. Determine z(m).
-15
Let d(g) = g**3 - 9*g**2 - 11*g - 1. Suppose 0 = 11*f - 15*f + 40. Calculate d(f).
-11
Let i(o) be the first derivative of -o**3/3 - 5*o**2/2 - o - 1. Suppose 68*a = 66*a - 4. Let k be i(a). Let f(w) = w**2 - 2*w - 4. Give f(k).
11
Let x(a) = 4*a**3 - 64*a**2 + 43*a - 81. Let v(r) = -3*r**3 + 43*r**2 - 28*r + 54. Let j(t) = -7*v(t) - 5*x(t). Calculate j(-20).
7
Let f(m) be the second derivative of -7*m**4/12 + m**3/2 + 2*m**2 + m. Let q be f(-1). Let g(x) = x + 7. What is g(q)?
1
Let p be 0 + (0 - -1) + 16. Let o = p + -12. Let w(x) = -10360*x + 3 + 2 + 10358*x. Calculate w(o).
-5
Let u(t) = -t - 2. Let h(a) = 4*a**3 + 11*a**2 - 19*a - 20. Let l(z) = 5*z**3 + 10*z**2 - 20*z - 20. Let q(v) = 4*h(v) - 3*l(v). Let j be q(-15). What is u(j)?
3
Let z(u) = -2*u**2 - 2*u + 1. Let l(q) = -q**2 + q. Let m be l(-1). Let x be 11 + -10 - 0*m/4. Determine z(x).
-3
Let d(z) = 3*z + 1. Let n(l) = 3*l. Let v(m) = -5*d(m) + 6*n(m). What is v(4)?
7
Let h(m) be the first derivative of m**4/4 + 4*m**3 - m**2/2 - 5*m - 34. Give h(-12).
7
Let j(b) be the third derivative of -b**7/1260 + b**6/720 - 3*b**5/10 - 21*b**2. Let u(v) be the third derivative of j(v). What is u(2)?
-7
Let q(k) be the third derivative of -k**5/60 - k**4/3 + 11*k**3/6 + 198*k**2. Give q(-8).
11
Let q(u) = -9*u + 4. Let y(a) = 5 - 6 + 4*a - 1 + a. Let c(k) = 6*q(k) + 11*y(k). What is c(-1)?
1
Let b(c) be the third derivative of 13*c**4/24 - 159*c**2. Determine b(-1).
-13
Let p(v) = -37*v**3 + 2*v**3 + 681 - 682. Determine p(-1).
34
Let z(i) = -i**2 + 7*i - 2. Let q be (6 + -12)/(3/2). Let t be ((-6)/q)/(1/30). Suppose 0 = -3*l - 36 + t. What is z(l)?
10
Let p(u) = -u**2 + 9*u - 8. Let w = 40 - 8. Suppose 0 = -3*q - q - 2*t + w, -4*t + 40 = 5*q. Give p(q).
0
Let f(k) be the second derivative of k**4/12 + k**3/3 - 102*k. What is f(-3)?
3
Let y(i) be the second derivative of i**5/4 - i**4/6 - i**3/3 + 2*i**2 - 560*i - 1. Calculate y(2).
32
Let f(c) = c**2 - 9*c - 1. Let d(y) = -y - 2. Let h be d(-5). Suppose h*z - 11*z + 80 = 0. Determine f(z).
9
Let y(o) = o + 2. Let r be y(-3). Let b(h) = h + 3 + 12172152*h**2 - 3 - 12172151*h**2. Give b(r).
0
Suppose 74 = -11*u + 107. Let l(g) = -g**3 + g**2 + 3*g + 3. What is l(u)?
-6
Let r(u) = -2 - 6 + 3*u**2 - 2*u**2 + 0*u**2. Calculate r(0).
-8
Let k(r) = 2*r + 2. Let c = 357 + -350. Give k(c).
16
Let c(x) = 9*x + x**2 + 4 - 6*x + 4*x + 1 + 7*x. Determine c(-14).
5
Let q(m) = -m**3 - 17*m**2 + 36*m - 38. Let r be q(-19). Let y(o) be the third derivative of r + 1/8*o**4 + 5/6*o**3 + 5*o**2 + 0*o. Determine y(-4).
-7
Suppose -2 = -0*h - 2*h. Let s be 24/(-9)*24/(-16). Suppose 3*t + h - s = 0. Let i(n) = 3*n. Determine i(t).
3
Let u(y) be the first derivative of -3*y**2 - y + 1. Let k = -140 + 199. Let a = k - 58. Calculate u(a).
-7
Suppose 21*h - 4*h = -4*h. Let f(o) = o**3 + o**2 - o + 4. What is f(h)?
4
Let m(s) = s**3 + s + 1. Let j be -3 - ((2 - 2) + -3). Suppose j*g = -5*g. Suppose -x = -o - 1 - 1, g = -2*x + 2. What is m(o)?
-1
Suppose 0 = 9*i - 5*i. Suppose -5*m - 2*b + 35 = -i*b, b = m. Let o(n) = -m*n + 2*n - 3 + n + 2 + 5*n**3 - n**2. Determine o(-1).
-5
Let n(b) = 10*b**3 - 3*b**2 - 3*b - 11. Let f(c) = -c**3 + c**2 + c + 3. Let v(k) = 3*f(k) + n(k). What is v(-2)?
-58
Let d(a) = 4*a - 27. Let t(l) = 3*l - 14. Let z(x) = 3*d(x) - 5*t(x). What is z(9)?
-38
Let x(p) be the first derivative of -p**4/4 + 2*p**3 - 9*p**2/2 + 10*p + 129. Determine x(5).
-10
Suppose -4*o + 24 = -4*t, -4 = t - 1. Let m(q) = 2*q - 5*q**2 + 2*q + 2 - 3 + q**o. Suppose -4*r = -6*r + 6, -2*w - 3*r = -17. Give m(w).
-1
Let f be 9*(1 + 4/(-6)). Suppose 5*m + v = 33, 3*m - f = 3*v + 2*v. Let c(i) = 0*i**3 + 5*i - i**3 - 3*i - m*i**2 + 4 + 3*i**2. What is c(-3)?
-2
Let o(r) = -11*r. Let f(h) = -8*h. Let b(s) = -4*f(s) + 3*o(s). Determine b(-3).
3
Let k(o) = 0*o**2 + 8*o - o**2 + 2*o**2 - 88 + 97. Give k(-6).
-3
Let c(q) = -q**3 + 2*q**2 + 3*q + 2. Let h be c(3). Let k be (0/(-1))/(-4) + h. Let v(p) = 6*p + 0 + 1 - k*p - 2*p. What is v(1)?
3
Let f(j) = -j**2 + 6*j + 4. Let w be (1 - -105)*(-3)/6. Let u = w - -59. What is f(u)?
4
Let a(g) be the second derivative of 0 + g**3 + 1/6*g**4 + 5*g - g**2. What is a(-5)?
18
Let l(z) = -17*z**3 + 1. Suppose 24*g + 26 = 2. What is l(g)?
18
Let o(s) = 3*s + 1 - 2*s - 3. Let u = 84 - 79. Suppose -4*z = -6*z + u*m + 10, 25 = 5*z - 3*m. Determine o(z).
3
Let h(o) = -1. Let y(m) = -m - 11. Let a(g) = -2*h(g) + y(g). Suppose 42 = -8*z + 2. What is a(z)?
-4
Let j(p) = 9*p - 42. Let d be j(5). Let w be 6/(-15) - (-34)/10. Let k(g) = 1 - 3*g**3 + 3*g**2 + 1 + 1 - g + 2*g**w. Give k(d).
0
Let f(s) = 13*s**2 + 10*s + 1 - 32*s + 11*s + 10*s - s**3. Let k(g) = 3*g**3 - 38*g**2 + 2*g - 2. Let q(x) = 17*f(x) + 6*k(x). Give q(8).
29
Let u(h) be the first derivative of h**4/4 + h**3 + 3*h**2/2 + 2*h + 12. Determine u(-3).
-7
Let j = -953 + 962. Let q(v) = -v + 27. Determine q(j).
18
Let j(i) = -2*i - 1. Let c be (2 - 3)/((-1)/(-7)). Let b(d) = 4*d + 1. Let g(p) = c*j(p) - 3*b(p). Let z be (-12)/(-18)*(-7 + 6 - -7). What is g(z)?
12
Let h = -2 - -9. Let r be 6*(-7)/(21/(-5)). Suppose -3*s - c = r, -4*c = 5*s + h + 19. Let o(k) = -k - 1. Determine o(s).
1
Let m(a) = -a**2 - 7*a - 3. Let k be 6*-2*1/(-3). Suppose 5 = w - 13. Let f be k/w + (-224)/36. What is m(f)?
3
Let i(q) = 48*q - 9. Let o(t) = -7*t + 1. Let u(y) = 4*i(y) + 27*o(y). Give u(5).
6
Let c(w) = -w**3 - 5*w**2 + 8*w + 2. Suppose 0*q + 3*q + 5*m = 40, 0 = 5*m - 25. Suppose 0 = -y + q - 13. Let v be y/(3 + -7) - 8. Determine c(v).
-10
Let g(k) = -k**3 - 7*k**2 + 8. Let w = -402 - -395. Give g(w).
8
Let m(q) = -q**3 - 3. Let s = 385 + -385. What is m(s)?
-3
Let t(w) = 7*w**3 + 8*w**2 + 3*w + 2. Let d(l) = -4*l**3 - 3*l**2 - l - 1. Let v(j) = -5*d(j) - 3*t(j). What is v(-8)?
-33
Let x(w) = -w**3 - 21*w**2 + 22*w - 20. Let v be x(-22). Let i = -19 - v. Let m(g) = -10*g**3 - g**2 + 2*g - 1. Give m(i).
-10
Suppose -4 + 10 = 3*a. Let h(v) = v**a + 0*v - 2*v**3 - 1 + 2*v + v. Suppose 26 = -0*m + 13*m. Determine h(m).
-7
Suppose 20 = -5*p + 5*u, 0 = 15*p - 11*p + 5*u - 20. Let k(a) be the third derivative of -1/24*a**4 + 5*a**2 + 1/6*a**3 + p + 0*a. Calculate k(-4).
5
Let s(a) = -2*a - 4. Let u(n) = n + 7. Let z be u(3). Let i be (-75)/(-3)*6/z. Suppose 3*m - i = 5*q, 0 = 2*q - 6*q + 3*m - 12. Determine s(q).
2
Let z(g) = -4*g**2 + g + 1. Suppose 11*m + 18 = i + 15*m, 3*i = 3*m - 21. What is z(i)?
-17
Suppose 77*f - 75*f - 4 = -4*o, 5*f - 5*o + 35 = 0. Let t(x) = -2*x**3 + 2*x**2 + 4*x + 5. Let c(u) = u**3 + u**2 + u. Let g(w) = 3*c(w) + t(w). Determine g(f).
-7
Let c(t) = t**3 - 7*t**2 - t + 10. Suppose -22*i + 231 = 11*i. Calculate c(i).
3
Let p be ((-6)/18)/(2/(-30)). Let u(z) = 20*z - p*z**2 + z**3 - 2 - 41*z + 20*z. Let i be 2/(-3) + (-170)/(-30). What is u(i)?
-7
Let a be ((-51)/6 - -7)*(-8)/(-6). Let h(x) = 10*x**2 + 3*x + 1. Calculate h(a).
35
Let o(l) = l**2 - 8*l + 2. Let u = -40 - -45. Give o(u).
-13
Let i(a) = -a**3 + 6*a**2 + a - 4. Let l(w) = -2*w**3 - 2*w**2 + 3*w + 4. Let q be l(-2). What is i(q)?
2
Let r(j) be the first derivative of j**2 - 4*j - 726. Determine r(5).
6
Let j(l) = -l**3 - 7 + 207867*l + 9*l**2 - 207851*l - 6. Calculate j(10).
47
Let q(s) = -5*s**2 - 706*s + 352*s + 373*s. Determine q(4).
-4
Let f(v) be the third derivative of -3*v**4/8 - 4*v**3 + v**2 + 65. Determine f(-4).
12
Let a(g) = -g**2 + 3*g + 7. Let v(u) = -u. Let x(r) = a(r) - v(r). Suppose 2*w - 2*m - 116 = 0, 0 = 4*w - 2*m + m - 238. Let i be (3/12)/(3/w). Determine x(i).
2
Suppose -8*g = 3 + 53. Let v(y) = -y**2 - 6*y - 6. Determine v(g).
-13
Let h(k) = -k**3 - 5*k**2 + 2*k + 4. Let x(u) = 5*u + 1. Let a be x(-1). Let m be h(a). Let i be ((-4)/(-16))/((-1)/m). Let o(p) = -p**2 + 5*p - 7. Give o(i).
-7
Let k(i) be the third derivative of -i**5/60 - i**4/12 + i**3/2 + 3*i**2 - 1. Calculate k(2).
-5
Let v(f